{"id":42,"date":"2025-12-18T15:04:41","date_gmt":"2025-12-18T14:04:41","guid":{"rendered":"https:\/\/paris-ancien.fr\/expos-universelles\/?page_id=42"},"modified":"2025-12-21T21:03:45","modified_gmt":"2025-12-21T20:03:45","slug":"91-essonne","status":"publish","type":"page","link":"https:\/\/www.paris-ancien.fr\/expos-universelles\/91-essonne\/","title":{"rendered":"91 &#8211; Essonne"},"content":{"rendered":"\t\t<div data-elementor-type=\"wp-page\" data-elementor-id=\"42\" class=\"elementor elementor-42\">\n\t\t\t\t<div class=\"elementor-element elementor-element-dd19d10 e-flex e-con-boxed e-con e-parent\" data-id=\"dd19d10\" data-element_type=\"container\" data-e-type=\"container\">\n\t\t\t\t\t<div class=\"e-con-inner\">\n\t\t\t\t<div class=\"elementor-element elementor-element-9412252 elementor-widget elementor-widget-heading\" data-id=\"9412252\" data-element_type=\"widget\" data-e-type=\"widget\" data-widget_type=\"heading.default\">\n\t\t\t\t\t<h2 class=\"elementor-heading-title elementor-size-default\">Essonne<\/h2>\t\t\t\t<\/div>\n\t\t\t\t\t<\/div>\n\t\t\t\t<\/div>\n\t\t<div class=\"elementor-element elementor-element-92a4614 e-flex e-con-boxed e-con e-parent\" data-id=\"92a4614\" data-element_type=\"container\" data-e-type=\"container\">\n\t\t\t\t\t<div class=\"e-con-inner\">\n\t\t\t\t<div class=\"elementor-element elementor-element-717942b elementor-widget elementor-widget-heading\" data-id=\"717942b\" data-element_type=\"widget\" data-e-type=\"widget\" data-widget_type=\"heading.default\">\n\t\t\t\t\t<h4 class=\"elementor-heading-title elementor-size-default\">Breuillet (Expo de 1900)<\/h4>\t\t\t\t<\/div>\n\t\t\t\t\t<\/div>\n\t\t\t\t<\/div>\n\t\t<div class=\"elementor-element elementor-element-7357fe0 e-flex e-con-boxed e-con e-parent\" data-id=\"7357fe0\" data-element_type=\"container\" data-e-type=\"container\">\n\t\t\t\t\t<div class=\"e-con-inner\">\n\t\t\t\t<div class=\"elementor-element elementor-element-4406921 elementor-widget elementor-widget-text-editor\" data-id=\"4406921\" data-element_type=\"widget\" data-e-type=\"widget\" data-widget_type=\"text-editor.default\">\n\t\t\t\t\t\t\t\t\t<p>Gravure provenant de la porte d\u2019entr\u00e9e de l\u2019acc\u00e8s \u00e0 l\u2019exposition. Une statue de 6,5 m de haut ornait cette gravure. De nombreuses lumi\u00e8res \u00e9taient install\u00e9es sur la porte et scintillaient la nuit.<\/p>\t\t\t\t\t\t\t\t<\/div>\n\t\t\t\t\t<\/div>\n\t\t\t\t<\/div>\n\t\t<div class=\"elementor-element elementor-element-4e6c4c7 e-flex e-con-boxed e-con e-parent\" data-id=\"4e6c4c7\" data-element_type=\"container\" data-e-type=\"container\">\n\t\t\t\t\t<div class=\"e-con-inner\">\n\t\t<div class=\"elementor-element elementor-element-3f77bb1 e-con-full e-flex e-con e-child\" data-id=\"3f77bb1\" data-element_type=\"container\" data-e-type=\"container\">\n\t\t\t\t<div class=\"elementor-element elementor-element-c5f5e16 elementor-widget elementor-widget-google_maps\" data-id=\"c5f5e16\" data-element_type=\"widget\" data-e-type=\"widget\" data-widget_type=\"google_maps.default\">\n\t\t\t\t\t\t\t<div class=\"elementor-custom-embed\">\n\t\t\t<iframe loading=\"lazy\"\n\t\t\t\t\tsrc=\"https:\/\/maps.google.com\/maps?q=parc%20m%C3%BCller%20breuillet&#038;t=m&#038;z=15&#038;output=embed&#038;iwloc=near\"\n\t\t\t\t\ttitle=\"parc m\u00fcller breuillet\"\n\t\t\t\t\taria-label=\"parc m\u00fcller breuillet\"\n\t\t\t><\/iframe>\n\t\t<\/div>\n\t\t\t\t\t\t<\/div>\n\t\t\t\t<\/div>\n\t\t<div class=\"elementor-element elementor-element-f902dc0 e-con-full e-flex e-con e-child\" data-id=\"f902dc0\" data-element_type=\"container\" data-e-type=\"container\">\n\t\t\t\t<div class=\"elementor-element elementor-element-ce3167e elementor-widget elementor-widget-image\" data-id=\"ce3167e\" data-element_type=\"widget\" data-e-type=\"widget\" data-widget_type=\"image.default\">\n\t\t\t\t\t\t\t\t\t\t\t\t\t\t\t\t<a href=\"https:\/\/www.paris-ancien.fr\/expos-universelles\/wp-content\/uploads\/2025\/12\/parc-muller.jpg\" data-elementor-open-lightbox=\"yes\" data-elementor-lightbox-title=\"parc-muller\" data-e-action-hash=\"#elementor-action%3Aaction%3Dlightbox%26settings%3DeyJpZCI6NjU2LCJ1cmwiOiJodHRwczpcL1wvd3d3LnBhcmlzLWFuY2llbi5mclwvZXhwb3MtdW5pdmVyc2VsbGVzXC93cC1jb250ZW50XC91cGxvYWRzXC8yMDI1XC8xMlwvcGFyYy1tdWxsZXIuanBnIn0%3D\">\n\t\t\t\t\t\t\t<img alt=\"\" fetchpriority=\"high\" decoding=\"async\" width=\"768\" height=\"576\" src=\"https:\/\/www.paris-ancien.fr\/expos-universelles\/wp-content\/uploads\/2025\/12\/parc-muller-768x576.jpg\" class=\"attachment-medium_large size-medium_large wp-image-656\" alt=\"\" srcset=\"https:\/\/www.paris-ancien.fr\/expos-universelles\/wp-content\/uploads\/2025\/12\/parc-muller-768x576.jpg 768w, https:\/\/www.paris-ancien.fr\/expos-universelles\/wp-content\/uploads\/2025\/12\/parc-muller-300x225.jpg 300w, https:\/\/www.paris-ancien.fr\/expos-universelles\/wp-content\/uploads\/2025\/12\/parc-muller.jpg 1000w\" sizes=\"(max-width: 768px) 100vw, 768px\" \/>\t\t\t\t\t\t\t\t<\/a>\n\t\t\t\t\t\t\t\t\t\t\t\t\t\t\t<\/div>\n\t\t\t\t<\/div>\n\t\t\t\t\t<\/div>\n\t\t\t\t<\/div>\n\t\t<div class=\"elementor-element elementor-element-c5b6d6f e-flex e-con-boxed e-con e-parent\" data-id=\"c5b6d6f\" data-element_type=\"container\" data-e-type=\"container\">\n\t\t\t\t\t<div class=\"e-con-inner\">\n\t\t\t\t<div class=\"elementor-element elementor-element-b8d633b elementor-widget elementor-widget-spacer\" data-id=\"b8d633b\" data-element_type=\"widget\" data-e-type=\"widget\" data-widget_type=\"spacer.default\">\n\t\t\t\t\t\t\t<div class=\"elementor-spacer\">\n\t\t\t<div class=\"elementor-spacer-inner\"><\/div>\n\t\t<\/div>\n\t\t\t\t\t\t<\/div>\n\t\t\t\t\t<\/div>\n\t\t\t\t<\/div>\n\t\t\t\t<\/div>\n\t\t","protected":false},"excerpt":{"rendered":"<p>Essonne Breuillet (Expo de 1900) Gravure provenant de la porte d\u2019entr\u00e9e de l\u2019acc\u00e8s \u00e0 l\u2019exposition. Une statue de 6,5 m [&hellip;]<\/p>\n","protected":false},"author":1,"featured_media":0,"parent":0,"menu_order":0,"comment_status":"closed","ping_status":"closed","template":"","meta":{"_seopress_robots_primary_cat":"","_seopress_titles_title":"","_seopress_titles_desc":"Expositions Universelles de Paris - Vestiges des expos de 1855 1867 1889 1900 1907 1931 et 1937. Palais, Frontons, chalets, statues et ornements - Essonne","_seopress_robots_index":"","site-sidebar-layout":"no-sidebar","site-content-layout":"","ast-site-content-layout":"full-width-container","site-content-style":"default","site-sidebar-style":"default","ast-global-header-display":"","ast-banner-title-visibility":"","ast-main-header-display":"","ast-hfb-above-header-display":"","ast-hfb-below-header-display":"","ast-hfb-mobile-header-display":"","site-post-title":"disabled","ast-breadcrumbs-content":"","ast-featured-img":"disabled","footer-sml-layout":"","ast-disable-related-posts":"","theme-transparent-header-meta":"","adv-header-id-meta":"","stick-header-meta":"","header-above-stick-meta":"","header-main-stick-meta":"","header-below-stick-meta":"","astra-migrate-meta-layouts":"default","ast-page-background-enabled":"default","ast-page-background-meta":{"desktop":{"background-color":"var(--ast-global-color-5)","background-image":"","background-repeat":"repeat","background-position":"center center","background-size":"auto","background-attachment":"scroll","background-type":"","background-media":"","overlay-type":"","overlay-color":"","overlay-opacity":"","overlay-gradient":""},"tablet":{"background-color":"","background-image":"","background-repeat":"repeat","background-position":"center center","background-size":"auto","background-attachment":"scroll","background-type":"","background-media":"","overlay-type":"","overlay-color":"","overlay-opacity":"","overlay-gradient":""},"mobile":{"background-color":"","background-image":"","background-repeat":"repeat","background-position":"center center","background-size":"auto","background-attachment":"scroll","background-type":"","background-media":"","overlay-type":"","overlay-color":"","overlay-opacity":"","overlay-gradient":""}},"ast-content-background-meta":{"desktop":{"background-color":"var(--ast-global-color-4)","background-image":"","background-repeat":"repeat","background-position":"center center","background-size":"auto","background-attachment":"scroll","background-type":"","background-media":"","overlay-type":"","overlay-color":"","overlay-opacity":"","overlay-gradient":""},"tablet":{"background-color":"var(--ast-global-color-4)","background-image":"","background-repeat":"repeat","background-position":"center center","background-size":"auto","background-attachment":"scroll","background-type":"","background-media":"","overlay-type":"","overlay-color":"","overlay-opacity":"","overlay-gradient":""},"mobile":{"background-color":"var(--ast-global-color-4)","background-image":"","background-repeat":"repeat","background-position":"center center","background-size":"auto","background-attachment":"scroll","background-type":"","background-media":"","overlay-type":"","overlay-color":"","overlay-opacity":"","overlay-gradient":""}},"footnotes":""},"class_list":["post-42","page","type-page","status-publish","hentry"],"_links":{"self":[{"href":"https:\/\/www.paris-ancien.fr\/expos-universelles\/wp-json\/wp\/v2\/pages\/42","targetHints":{"allow":["GET"]}}],"collection":[{"href":"https:\/\/www.paris-ancien.fr\/expos-universelles\/wp-json\/wp\/v2\/pages"}],"about":[{"href":"https:\/\/www.paris-ancien.fr\/expos-universelles\/wp-json\/wp\/v2\/types\/page"}],"author":[{"embeddable":true,"href":"https:\/\/www.paris-ancien.fr\/expos-universelles\/wp-json\/wp\/v2\/users\/1"}],"replies":[{"embeddable":true,"href":"https:\/\/www.paris-ancien.fr\/expos-universelles\/wp-json\/wp\/v2\/comments?post=42"}],"version-history":[{"count":20,"href":"https:\/\/www.paris-ancien.fr\/expos-universelles\/wp-json\/wp\/v2\/pages\/42\/revisions"}],"predecessor-version":[{"id":1340,"href":"https:\/\/www.paris-ancien.fr\/expos-universelles\/wp-json\/wp\/v2\/pages\/42\/revisions\/1340"}],"wp:attachment":[{"href":"https:\/\/www.paris-ancien.fr\/expos-universelles\/wp-json\/wp\/v2\/media?parent=42"}],"curies":[{"name":"wp","href":"https:\/\/api.w.org\/{rel}","templated":true}]}}

<div data-elementor-type="wp-page" data-elementor-id="42" class="elementor elementor-42">
				<div class="elementor-element elementor-element-dd19d10 e-flex e-con-boxed e-con e-parent" data-id="dd19d10" data-element_type="container" data-e-type="container">
					<div class="e-con-inner">
				<div class="elementor-element elementor-element-9412252 elementor-widget elementor-widget-heading" data-id="9412252" data-element_type="widget" data-e-type="widget" data-widget_type="heading.default">
					<h2 class="elementor-heading-title elementor-size-default">Essonne</h2>				</div>
					</div>
				</div>
		<div class="elementor-element elementor-element-92a4614 e-flex e-con-boxed e-con e-parent" data-id="92a4614" data-element_type="container" data-e-type="container">
					<div class="e-con-inner">
				<div class="elementor-element elementor-element-717942b elementor-widget elementor-widget-heading" data-id="717942b" data-element_type="widget" data-e-type="widget" data-widget_type="heading.default">
					<h4 class="elementor-heading-title elementor-size-default">Breuillet (Expo de 1900)</h4>				</div>
					</div>
				</div>
		<div class="elementor-element elementor-element-7357fe0 e-flex e-con-boxed e-con e-parent" data-id="7357fe0" data-element_type="container" data-e-type="container">
					<div class="e-con-inner">
				<div class="elementor-element elementor-element-4406921 elementor-widget elementor-widget-text-editor" data-id="4406921" data-element_type="widget" data-e-type="widget" data-widget_type="text-editor.default">
									<p>Gravure provenant de la porte d’entrée de l’accès à l’exposition. Une statue de 6,5 m de haut ornait cette gravure. De nombreuses lumières étaient installées sur la porte et scintillaient la nuit.</p>								</div>
					</div>
				</div>
		<div class="elementor-element elementor-element-4e6c4c7 e-flex e-con-boxed e-con e-parent" data-id="4e6c4c7" data-element_type="container" data-e-type="container">
					<div class="e-con-inner">
		<div class="elementor-element elementor-element-3f77bb1 e-con-full e-flex e-con e-child" data-id="3f77bb1" data-element_type="container" data-e-type="container">
				<div class="elementor-element elementor-element-c5f5e16 elementor-widget elementor-widget-google_maps" data-id="c5f5e16" data-element_type="widget" data-e-type="widget" data-widget_type="google_maps.default">
							<div class="elementor-custom-embed">
			<iframe loading="lazy"
					src="https://maps.google.com/maps?q=parc%20m%C3%BCller%20breuillet&#038;t=m&#038;z=15&#038;output=embed&#038;iwloc=near"
					title="parc müller breuillet"
					aria-label="parc müller breuillet"
			></iframe>
		</div>
						</div>
				</div>
		<div class="elementor-element elementor-element-f902dc0 e-con-full e-flex e-con e-child" data-id="f902dc0" data-element_type="container" data-e-type="container">
				<div class="elementor-element elementor-element-ce3167e elementor-widget elementor-widget-image" data-id="ce3167e" data-element_type="widget" data-e-type="widget" data-widget_type="image.default">
																<a href="https://www.paris-ancien.fr/expos-universelles/wp-content/uploads/2025/12/parc-muller.jpg" data-elementor-open-lightbox="yes" data-elementor-lightbox-title="parc-muller" data-e-action-hash="#elementor-action%3Aaction%3Dlightbox%26settings%3DeyJpZCI6NjU2LCJ1cmwiOiJodHRwczpcL1wvd3d3LnBhcmlzLWFuY2llbi5mclwvZXhwb3MtdW5pdmVyc2VsbGVzXC93cC1jb250ZW50XC91cGxvYWRzXC8yMDI1XC8xMlwvcGFyYy1tdWxsZXIuanBnIn0%3D">
							<img alt="" fetchpriority="high" decoding="async" width="768" height="576" src="https://www.paris-ancien.fr/expos-universelles/wp-content/uploads/2025/12/parc-muller-768x576.jpg" class="attachment-medium_large size-medium_large wp-image-656" alt="" srcset="https://www.paris-ancien.fr/expos-universelles/wp-content/uploads/2025/12/parc-muller-768x576.jpg 768w, https://www.paris-ancien.fr/expos-universelles/wp-content/uploads/2025/12/parc-muller-300x225.jpg 300w, https://www.paris-ancien.fr/expos-universelles/wp-content/uploads/2025/12/parc-muller.jpg 1000w" sizes="(max-width: 768px) 100vw, 768px" />								</a>
															</div>
				</div>
					</div>
				</div>
		<div class="elementor-element elementor-element-c5b6d6f e-flex e-con-boxed e-con e-parent" data-id="c5b6d6f" data-element_type="container" data-e-type="container">
					<div class="e-con-inner">
				<div class="elementor-element elementor-element-b8d633b elementor-widget elementor-widget-spacer" data-id="b8d633b" data-element_type="widget" data-e-type="widget" data-widget_type="spacer.default">
							<div class="elementor-spacer">
			<div class="elementor-spacer-inner"></div>
		</div>
						</div>
					</div>
				</div>
				</div>

<p>Essonne Breuillet (Expo de 1900) Gravure provenant de la porte d’entrée de l’accès à l’exposition. Une statue de 6,5 m [&hellip;]</p>
