{"id":18,"date":"2025-12-18T15:00:12","date_gmt":"2025-12-18T14:00:12","guid":{"rendered":"https:\/\/paris-ancien.fr\/expos-universelles\/?page_id=18"},"modified":"2026-02-05T11:15:32","modified_gmt":"2026-02-05T10:15:32","slug":"paris-11e-arrondissement","status":"publish","type":"page","link":"https:\/\/www.paris-ancien.fr\/expos-universelles\/paris-11e-arrondissement\/","title":{"rendered":"Paris &#8211; 11e Arrondissement"},"content":{"rendered":"\t\t<div data-elementor-type=\"wp-page\" data-elementor-id=\"18\" class=\"elementor elementor-18\">\n\t\t\t\t<div class=\"elementor-element elementor-element-3a1600d e-flex e-con-boxed e-con e-parent\" data-id=\"3a1600d\" data-element_type=\"container\" data-e-type=\"container\">\n\t\t\t\t\t<div class=\"e-con-inner\">\n\t\t\t\t<div class=\"elementor-element elementor-element-fe45b43 elementor-widget elementor-widget-heading\" data-id=\"fe45b43\" data-element_type=\"widget\" data-e-type=\"widget\" data-widget_type=\"heading.default\">\n\t\t\t\t\t<h4 class=\"elementor-heading-title elementor-size-default\">4 Rue de la Pierre Lev\u00e9e (Expo de 1878)<\/h4>\t\t\t\t<\/div>\n\t\t\t\t\t<\/div>\n\t\t\t\t<\/div>\n\t\t<div class=\"elementor-element elementor-element-cf484e7 e-flex e-con-boxed e-con e-parent\" data-id=\"cf484e7\" data-element_type=\"container\" data-e-type=\"container\">\n\t\t\t\t\t<div class=\"e-con-inner\">\n\t\t\t\t<div class=\"elementor-element elementor-element-f68069d elementor-widget elementor-widget-text-editor\" data-id=\"f68069d\" data-element_type=\"widget\" data-e-type=\"widget\" data-widget_type=\"text-editor.default\">\n\t\t\t\t\t\t\t\t\t<p>Parties du porche monumental de la section francaise des beaux-arts. Ce porche fut \u00e9difi\u00e9 par Paul S\u00e9dille. Ces 4 panneaux repr\u00e9sentent \u00ab\u00a0L\u2019architecture\u00a0\u00bb, \u00ab\u00a0La Sculpture\u00a0\u00bb, \u00ab\u00a0La peinture\u00a0\u00bb et la \u00ab\u00a0C\u00e9ramique\u00a0\u00bb<\/p>\t\t\t\t\t\t\t\t<\/div>\n\t\t\t\t\t<\/div>\n\t\t\t\t<\/div>\n\t\t<div class=\"elementor-element elementor-element-637686d e-flex e-con-boxed e-con e-parent\" data-id=\"637686d\" data-element_type=\"container\" data-e-type=\"container\">\n\t\t\t\t\t<div class=\"e-con-inner\">\n\t\t<div class=\"elementor-element elementor-element-62ad304 e-con-full e-flex e-con e-child\" data-id=\"62ad304\" data-element_type=\"container\" data-e-type=\"container\">\n\t\t\t\t<div class=\"elementor-element elementor-element-b12b1b6 elementor-widget elementor-widget-google_maps\" data-id=\"b12b1b6\" data-element_type=\"widget\" data-e-type=\"widget\" data-widget_type=\"google_maps.default\">\n\t\t\t\t\t\t\t<div class=\"elementor-custom-embed\">\n\t\t\t<iframe loading=\"lazy\"\n\t\t\t\t\tsrc=\"https:\/\/maps.google.com\/maps?q=4%20rue%20de%20la%20pierre%20levee%2C%20paris&#038;t=m&#038;z=15&#038;output=embed&#038;iwloc=near\"\n\t\t\t\t\ttitle=\"4 rue de la pierre levee, paris\"\n\t\t\t\t\taria-label=\"4 rue de la pierre levee, paris\"\n\t\t\t><\/iframe>\n\t\t<\/div>\n\t\t\t\t\t\t<\/div>\n\t\t\t\t<\/div>\n\t\t<div class=\"elementor-element elementor-element-06c917a e-con-full e-flex e-con e-child\" data-id=\"06c917a\" data-element_type=\"container\" data-e-type=\"container\">\n\t\t\t\t<div class=\"elementor-element elementor-element-1dcd835 elementor-widget elementor-widget-image\" data-id=\"1dcd835\" data-element_type=\"widget\" data-e-type=\"widget\" data-widget_type=\"image.default\">\n\t\t\t\t\t\t\t\t\t\t\t\t\t\t\t\t<a href=\"https:\/\/www.paris-ancien.fr\/expos-universelles\/wp-content\/uploads\/2025\/12\/ceramique-pierre-levee.jpg\" data-elementor-open-lightbox=\"yes\" data-elementor-lightbox-title=\"ceramique-pierre-levee\" data-e-action-hash=\"#elementor-action%3Aaction%3Dlightbox%26settings%3DeyJpZCI6Mjc0LCJ1cmwiOiJodHRwczpcL1wvd3d3LnBhcmlzLWFuY2llbi5mclwvZXhwb3MtdW5pdmVyc2VsbGVzXC93cC1jb250ZW50XC91cGxvYWRzXC8yMDI1XC8xMlwvY2VyYW1pcXVlLXBpZXJyZS1sZXZlZS5qcGcifQ%3D%3D\">\n\t\t\t\t\t\t\t<img alt=\"\" fetchpriority=\"high\" decoding=\"async\" width=\"768\" height=\"576\" src=\"https:\/\/www.paris-ancien.fr\/expos-universelles\/wp-content\/uploads\/2025\/12\/ceramique-pierre-levee-768x576.jpg\" class=\"attachment-medium_large size-medium_large wp-image-274\" alt=\"\" srcset=\"https:\/\/www.paris-ancien.fr\/expos-universelles\/wp-content\/uploads\/2025\/12\/ceramique-pierre-levee-768x576.jpg 768w, https:\/\/www.paris-ancien.fr\/expos-universelles\/wp-content\/uploads\/2025\/12\/ceramique-pierre-levee-300x225.jpg 300w, https:\/\/www.paris-ancien.fr\/expos-universelles\/wp-content\/uploads\/2025\/12\/ceramique-pierre-levee-1024x768.jpg 1024w, https:\/\/www.paris-ancien.fr\/expos-universelles\/wp-content\/uploads\/2025\/12\/ceramique-pierre-levee-1536x1152.jpg 1536w, https:\/\/www.paris-ancien.fr\/expos-universelles\/wp-content\/uploads\/2025\/12\/ceramique-pierre-levee.jpg 1600w\" sizes=\"(max-width: 768px) 100vw, 768px\" \/>\t\t\t\t\t\t\t\t<\/a>\n\t\t\t\t\t\t\t\t\t\t\t\t\t\t\t<\/div>\n\t\t\t\t<\/div>\n\t\t\t\t\t<\/div>\n\t\t\t\t<\/div>\n\t\t<div class=\"elementor-element elementor-element-da606c4 e-flex e-con-boxed e-con e-parent\" data-id=\"da606c4\" data-element_type=\"container\" data-e-type=\"container\">\n\t\t\t\t\t<div class=\"e-con-inner\">\n\t\t\t\t<div class=\"elementor-element elementor-element-13a206d elementor-widget elementor-widget-spacer\" data-id=\"13a206d\" data-element_type=\"widget\" data-e-type=\"widget\" data-widget_type=\"spacer.default\">\n\t\t\t\t\t\t\t<div class=\"elementor-spacer\">\n\t\t\t<div class=\"elementor-spacer-inner\"><\/div>\n\t\t<\/div>\n\t\t\t\t\t\t<\/div>\n\t\t\t\t\t<\/div>\n\t\t\t\t<\/div>\n\t\t\t\t<\/div>\n\t\t","protected":false},"excerpt":{"rendered":"<p>4 Rue de la Pierre Lev\u00e9e (Expo de 1878) Parties du porche monumental de la section francaise des beaux-arts. Ce [&hellip;]<\/p>\n","protected":false},"author":1,"featured_media":0,"parent":0,"menu_order":0,"comment_status":"closed","ping_status":"closed","template":"","meta":{"_seopress_robots_primary_cat":"","_seopress_titles_title":"","_seopress_titles_desc":"Expositions Universelles de Paris - Vestiges des expos de 1855 1867 1889 1900 1907 1931 et 1937. Palais, Frontons, chalets, statues et ornements - Paris 11e","_seopress_robots_index":"","site-sidebar-layout":"no-sidebar","site-content-layout":"","ast-site-content-layout":"full-width-container","site-content-style":"default","site-sidebar-style":"default","ast-global-header-display":"","ast-banner-title-visibility":"","ast-main-header-display":"","ast-hfb-above-header-display":"","ast-hfb-below-header-display":"","ast-hfb-mobile-header-display":"","site-post-title":"disabled","ast-breadcrumbs-content":"","ast-featured-img":"disabled","footer-sml-layout":"","ast-disable-related-posts":"","theme-transparent-header-meta":"","adv-header-id-meta":"","stick-header-meta":"","header-above-stick-meta":"","header-main-stick-meta":"","header-below-stick-meta":"","astra-migrate-meta-layouts":"default","ast-page-background-enabled":"default","ast-page-background-meta":{"desktop":{"background-color":"var(--ast-global-color-5)","background-image":"","background-repeat":"repeat","background-position":"center center","background-size":"auto","background-attachment":"scroll","background-type":"","background-media":"","overlay-type":"","overlay-color":"","overlay-opacity":"","overlay-gradient":""},"tablet":{"background-color":"","background-image":"","background-repeat":"repeat","background-position":"center center","background-size":"auto","background-attachment":"scroll","background-type":"","background-media":"","overlay-type":"","overlay-color":"","overlay-opacity":"","overlay-gradient":""},"mobile":{"background-color":"","background-image":"","background-repeat":"repeat","background-position":"center center","background-size":"auto","background-attachment":"scroll","background-type":"","background-media":"","overlay-type":"","overlay-color":"","overlay-opacity":"","overlay-gradient":""}},"ast-content-background-meta":{"desktop":{"background-color":"var(--ast-global-color-4)","background-image":"","background-repeat":"repeat","background-position":"center center","background-size":"auto","background-attachment":"scroll","background-type":"","background-media":"","overlay-type":"","overlay-color":"","overlay-opacity":"","overlay-gradient":""},"tablet":{"background-color":"var(--ast-global-color-4)","background-image":"","background-repeat":"repeat","background-position":"center center","background-size":"auto","background-attachment":"scroll","background-type":"","background-media":"","overlay-type":"","overlay-color":"","overlay-opacity":"","overlay-gradient":""},"mobile":{"background-color":"var(--ast-global-color-4)","background-image":"","background-repeat":"repeat","background-position":"center center","background-size":"auto","background-attachment":"scroll","background-type":"","background-media":"","overlay-type":"","overlay-color":"","overlay-opacity":"","overlay-gradient":""}},"footnotes":""},"class_list":["post-18","page","type-page","status-publish","hentry"],"_links":{"self":[{"href":"https:\/\/www.paris-ancien.fr\/expos-universelles\/wp-json\/wp\/v2\/pages\/18","targetHints":{"allow":["GET"]}}],"collection":[{"href":"https:\/\/www.paris-ancien.fr\/expos-universelles\/wp-json\/wp\/v2\/pages"}],"about":[{"href":"https:\/\/www.paris-ancien.fr\/expos-universelles\/wp-json\/wp\/v2\/types\/page"}],"author":[{"embeddable":true,"href":"https:\/\/www.paris-ancien.fr\/expos-universelles\/wp-json\/wp\/v2\/users\/1"}],"replies":[{"embeddable":true,"href":"https:\/\/www.paris-ancien.fr\/expos-universelles\/wp-json\/wp\/v2\/comments?post=18"}],"version-history":[{"count":39,"href":"https:\/\/www.paris-ancien.fr\/expos-universelles\/wp-json\/wp\/v2\/pages\/18\/revisions"}],"predecessor-version":[{"id":1439,"href":"https:\/\/www.paris-ancien.fr\/expos-universelles\/wp-json\/wp\/v2\/pages\/18\/revisions\/1439"}],"wp:attachment":[{"href":"https:\/\/www.paris-ancien.fr\/expos-universelles\/wp-json\/wp\/v2\/media?parent=18"}],"curies":[{"name":"wp","href":"https:\/\/api.w.org\/{rel}","templated":true}]}}

<div data-elementor-type="wp-page" data-elementor-id="18" class="elementor elementor-18">
				<div class="elementor-element elementor-element-3a1600d e-flex e-con-boxed e-con e-parent" data-id="3a1600d" data-element_type="container" data-e-type="container">
					<div class="e-con-inner">
				<div class="elementor-element elementor-element-fe45b43 elementor-widget elementor-widget-heading" data-id="fe45b43" data-element_type="widget" data-e-type="widget" data-widget_type="heading.default">
					<h4 class="elementor-heading-title elementor-size-default">4 Rue de la Pierre Levée (Expo de 1878)</h4>				</div>
					</div>
				</div>
		<div class="elementor-element elementor-element-cf484e7 e-flex e-con-boxed e-con e-parent" data-id="cf484e7" data-element_type="container" data-e-type="container">
					<div class="e-con-inner">
				<div class="elementor-element elementor-element-f68069d elementor-widget elementor-widget-text-editor" data-id="f68069d" data-element_type="widget" data-e-type="widget" data-widget_type="text-editor.default">
									<p>Parties du porche monumental de la section francaise des beaux-arts. Ce porche fut édifié par Paul Sédille. Ces 4 panneaux représentent « L’architecture », « La Sculpture », « La peinture » et la « Céramique »</p>								</div>
					</div>
				</div>
		<div class="elementor-element elementor-element-637686d e-flex e-con-boxed e-con e-parent" data-id="637686d" data-element_type="container" data-e-type="container">
					<div class="e-con-inner">
		<div class="elementor-element elementor-element-62ad304 e-con-full e-flex e-con e-child" data-id="62ad304" data-element_type="container" data-e-type="container">
				<div class="elementor-element elementor-element-b12b1b6 elementor-widget elementor-widget-google_maps" data-id="b12b1b6" data-element_type="widget" data-e-type="widget" data-widget_type="google_maps.default">
							<div class="elementor-custom-embed">
			<iframe loading="lazy"
					src="https://maps.google.com/maps?q=4%20rue%20de%20la%20pierre%20levee%2C%20paris&#038;t=m&#038;z=15&#038;output=embed&#038;iwloc=near"
					title="4 rue de la pierre levee, paris"
					aria-label="4 rue de la pierre levee, paris"
			></iframe>
		</div>
						</div>
				</div>
		<div class="elementor-element elementor-element-06c917a e-con-full e-flex e-con e-child" data-id="06c917a" data-element_type="container" data-e-type="container">
				<div class="elementor-element elementor-element-1dcd835 elementor-widget elementor-widget-image" data-id="1dcd835" data-element_type="widget" data-e-type="widget" data-widget_type="image.default">
																<a href="https://www.paris-ancien.fr/expos-universelles/wp-content/uploads/2025/12/ceramique-pierre-levee.jpg" data-elementor-open-lightbox="yes" data-elementor-lightbox-title="ceramique-pierre-levee" data-e-action-hash="#elementor-action%3Aaction%3Dlightbox%26settings%3DeyJpZCI6Mjc0LCJ1cmwiOiJodHRwczpcL1wvd3d3LnBhcmlzLWFuY2llbi5mclwvZXhwb3MtdW5pdmVyc2VsbGVzXC93cC1jb250ZW50XC91cGxvYWRzXC8yMDI1XC8xMlwvY2VyYW1pcXVlLXBpZXJyZS1sZXZlZS5qcGcifQ%3D%3D">
							<img alt="" fetchpriority="high" decoding="async" width="768" height="576" src="https://www.paris-ancien.fr/expos-universelles/wp-content/uploads/2025/12/ceramique-pierre-levee-768x576.jpg" class="attachment-medium_large size-medium_large wp-image-274" alt="" srcset="https://www.paris-ancien.fr/expos-universelles/wp-content/uploads/2025/12/ceramique-pierre-levee-768x576.jpg 768w, https://www.paris-ancien.fr/expos-universelles/wp-content/uploads/2025/12/ceramique-pierre-levee-300x225.jpg 300w, https://www.paris-ancien.fr/expos-universelles/wp-content/uploads/2025/12/ceramique-pierre-levee-1024x768.jpg 1024w, https://www.paris-ancien.fr/expos-universelles/wp-content/uploads/2025/12/ceramique-pierre-levee-1536x1152.jpg 1536w, https://www.paris-ancien.fr/expos-universelles/wp-content/uploads/2025/12/ceramique-pierre-levee.jpg 1600w" sizes="(max-width: 768px) 100vw, 768px" />								</a>
															</div>
				</div>
					</div>
				</div>
		<div class="elementor-element elementor-element-da606c4 e-flex e-con-boxed e-con e-parent" data-id="da606c4" data-element_type="container" data-e-type="container">
					<div class="e-con-inner">
				<div class="elementor-element elementor-element-13a206d elementor-widget elementor-widget-spacer" data-id="13a206d" data-element_type="widget" data-e-type="widget" data-widget_type="spacer.default">
							<div class="elementor-spacer">
			<div class="elementor-spacer-inner"></div>
		</div>
						</div>
					</div>
				</div>
				</div>

<p>4 Rue de la Pierre Levée (Expo de 1878) Parties du porche monumental de la section francaise des beaux-arts. Ce [&hellip;]</p>
