{"id":12,"date":"2025-12-18T14:59:13","date_gmt":"2025-12-18T13:59:13","guid":{"rendered":"https:\/\/paris-ancien.fr\/expos-universelles\/?page_id=12"},"modified":"2025-12-21T21:17:01","modified_gmt":"2025-12-21T20:17:01","slug":"paris-5e-arrondissement","status":"publish","type":"page","link":"https:\/\/www.paris-ancien.fr\/expos-universelles\/paris-5e-arrondissement\/","title":{"rendered":"Paris &#8211; 5e Arrondissement"},"content":{"rendered":"\t\t<div data-elementor-type=\"wp-page\" data-elementor-id=\"12\" class=\"elementor elementor-12\">\n\t\t\t\t<div class=\"elementor-element elementor-element-be5f896 e-flex e-con-boxed e-con e-parent\" data-id=\"be5f896\" data-element_type=\"container\" data-e-type=\"container\">\n\t\t\t\t\t<div class=\"e-con-inner\">\n\t\t\t\t<div class=\"elementor-element elementor-element-a004363 elementor-widget elementor-widget-heading\" data-id=\"a004363\" data-element_type=\"widget\" data-e-type=\"widget\" data-widget_type=\"heading.default\">\n\t\t\t\t\t<h2 class=\"elementor-heading-title elementor-size-default\">Paris - 5e Arrondissement<\/h2>\t\t\t\t<\/div>\n\t\t\t\t\t<\/div>\n\t\t\t\t<\/div>\n\t\t<div class=\"elementor-element elementor-element-79b90e6 e-flex e-con-boxed e-con e-parent\" data-id=\"79b90e6\" data-element_type=\"container\" data-e-type=\"container\">\n\t\t\t\t\t<div class=\"e-con-inner\">\n\t\t\t\t<div class=\"elementor-element elementor-element-0f8806b elementor-widget elementor-widget-heading\" data-id=\"0f8806b\" data-element_type=\"widget\" data-e-type=\"widget\" data-widget_type=\"heading.default\">\n\t\t\t\t\t<h4 class=\"elementor-heading-title elementor-size-default\">M\u00e9daillon - Square Langevin (Expo de 1889)<\/h4>\t\t\t\t<\/div>\n\t\t\t\t\t<\/div>\n\t\t\t\t<\/div>\n\t\t<div class=\"elementor-element elementor-element-215e704 e-flex e-con-boxed e-con e-parent\" data-id=\"215e704\" data-element_type=\"container\" data-e-type=\"container\">\n\t\t\t\t\t<div class=\"e-con-inner\">\n\t\t\t\t<div class=\"elementor-element elementor-element-2d31ef3 elementor-widget elementor-widget-text-editor\" data-id=\"2d31ef3\" data-element_type=\"widget\" data-e-type=\"widget\" data-widget_type=\"text-editor.default\">\n\t\t\t\t\t\t\t\t\t<p>Exposition de 1889. Un des m\u00e9daillons qui ornaient la porte d\u2019entr\u00e9e du palais des Beaux Arts. D\u2019autres m\u00e9daillons sont \u00e0 proximit\u00e9 de celui ci.<\/p>\t\t\t\t\t\t\t\t<\/div>\n\t\t\t\t\t<\/div>\n\t\t\t\t<\/div>\n\t\t<div class=\"elementor-element elementor-element-ab60025 e-flex e-con-boxed e-con e-parent\" data-id=\"ab60025\" data-element_type=\"container\" data-e-type=\"container\">\n\t\t\t\t\t<div class=\"e-con-inner\">\n\t\t<div class=\"elementor-element elementor-element-868b670 e-con-full e-flex e-con e-child\" data-id=\"868b670\" data-element_type=\"container\" data-e-type=\"container\">\n\t\t\t\t<div class=\"elementor-element elementor-element-58319ee elementor-widget elementor-widget-google_maps\" data-id=\"58319ee\" data-element_type=\"widget\" data-e-type=\"widget\" data-widget_type=\"google_maps.default\">\n\t\t\t\t\t\t\t<div class=\"elementor-custom-embed\">\n\t\t\t<iframe loading=\"lazy\"\n\t\t\t\t\tsrc=\"https:\/\/maps.google.com\/maps?q=square%20langevin&#038;t=m&#038;z=16&#038;output=embed&#038;iwloc=near\"\n\t\t\t\t\ttitle=\"square langevin\"\n\t\t\t\t\taria-label=\"square langevin\"\n\t\t\t><\/iframe>\n\t\t<\/div>\n\t\t\t\t\t\t<\/div>\n\t\t\t\t<\/div>\n\t\t<div class=\"elementor-element elementor-element-2f0f93e e-con-full e-flex e-con e-child\" data-id=\"2f0f93e\" data-element_type=\"container\" data-e-type=\"container\">\n\t\t\t\t<div class=\"elementor-element elementor-element-93b9cbc elementor-widget elementor-widget-image\" data-id=\"93b9cbc\" data-element_type=\"widget\" data-e-type=\"widget\" data-widget_type=\"image.default\">\n\t\t\t\t\t\t\t\t\t\t\t\t\t\t\t\t<a href=\"https:\/\/www.paris-ancien.fr\/expos-universelles\/wp-content\/uploads\/2025\/12\/medaillon-ingres-langevin.jpg\" data-elementor-open-lightbox=\"yes\" data-elementor-lightbox-title=\"medaillon-ingres-langevin\" data-e-action-hash=\"#elementor-action%3Aaction%3Dlightbox%26settings%3DeyJpZCI6MTIxLCJ1cmwiOiJodHRwczpcL1wvd3d3LnBhcmlzLWFuY2llbi5mclwvZXhwb3MtdW5pdmVyc2VsbGVzXC93cC1jb250ZW50XC91cGxvYWRzXC8yMDI1XC8xMlwvbWVkYWlsbG9uLWluZ3Jlcy1sYW5nZXZpbi5qcGcifQ%3D%3D\">\n\t\t\t\t\t\t\t<img alt=\"\" fetchpriority=\"high\" decoding=\"async\" width=\"768\" height=\"576\" src=\"https:\/\/www.paris-ancien.fr\/expos-universelles\/wp-content\/uploads\/2025\/12\/medaillon-ingres-langevin-768x576.jpg\" class=\"attachment-medium_large size-medium_large wp-image-121\" alt=\"\" srcset=\"https:\/\/www.paris-ancien.fr\/expos-universelles\/wp-content\/uploads\/2025\/12\/medaillon-ingres-langevin-768x576.jpg 768w, https:\/\/www.paris-ancien.fr\/expos-universelles\/wp-content\/uploads\/2025\/12\/medaillon-ingres-langevin-300x225.jpg 300w, https:\/\/www.paris-ancien.fr\/expos-universelles\/wp-content\/uploads\/2025\/12\/medaillon-ingres-langevin-1024x768.jpg 1024w, https:\/\/www.paris-ancien.fr\/expos-universelles\/wp-content\/uploads\/2025\/12\/medaillon-ingres-langevin-1536x1152.jpg 1536w, https:\/\/www.paris-ancien.fr\/expos-universelles\/wp-content\/uploads\/2025\/12\/medaillon-ingres-langevin.jpg 1600w\" sizes=\"(max-width: 768px) 100vw, 768px\" \/>\t\t\t\t\t\t\t\t<\/a>\n\t\t\t\t\t\t\t\t\t\t\t\t\t\t\t<\/div>\n\t\t\t\t<\/div>\n\t\t\t\t\t<\/div>\n\t\t\t\t<\/div>\n\t\t<div class=\"elementor-element elementor-element-9f332af e-flex e-con-boxed e-con e-parent\" data-id=\"9f332af\" data-element_type=\"container\" data-e-type=\"container\">\n\t\t\t\t\t<div class=\"e-con-inner\">\n\t\t\t\t<div class=\"elementor-element elementor-element-af1ff31 elementor-widget elementor-widget-spacer\" data-id=\"af1ff31\" data-element_type=\"widget\" data-e-type=\"widget\" data-widget_type=\"spacer.default\">\n\t\t\t\t\t\t\t<div class=\"elementor-spacer\">\n\t\t\t<div class=\"elementor-spacer-inner\"><\/div>\n\t\t<\/div>\n\t\t\t\t\t\t<\/div>\n\t\t\t\t\t<\/div>\n\t\t\t\t<\/div>\n\t\t\t\t<\/div>\n\t\t","protected":false},"excerpt":{"rendered":"<p>Paris &#8211; 5e Arrondissement M\u00e9daillon &#8211; Square Langevin (Expo de 1889) Exposition de 1889. Un des m\u00e9daillons qui ornaient la [&hellip;]<\/p>\n","protected":false},"author":1,"featured_media":0,"parent":0,"menu_order":0,"comment_status":"closed","ping_status":"closed","template":"elementor_header_footer","meta":{"_seopress_robots_primary_cat":"","_seopress_titles_title":"","_seopress_titles_desc":"Expositions Universelles de Paris - Vestiges des expos de 1855 1867 1889 1900 1907 1931 et 1937. Palais, Frontons, chalets, statues et ornements - Paris 5e","_seopress_robots_index":"","site-sidebar-layout":"no-sidebar","site-content-layout":"","ast-site-content-layout":"full-width-container","site-content-style":"default","site-sidebar-style":"default","ast-global-header-display":"","ast-banner-title-visibility":"","ast-main-header-display":"","ast-hfb-above-header-display":"","ast-hfb-below-header-display":"","ast-hfb-mobile-header-display":"","site-post-title":"disabled","ast-breadcrumbs-content":"","ast-featured-img":"disabled","footer-sml-layout":"","ast-disable-related-posts":"","theme-transparent-header-meta":"","adv-header-id-meta":"","stick-header-meta":"","header-above-stick-meta":"","header-main-stick-meta":"","header-below-stick-meta":"","astra-migrate-meta-layouts":"default","ast-page-background-enabled":"default","ast-page-background-meta":{"desktop":{"background-color":"var(--ast-global-color-5)","background-image":"","background-repeat":"repeat","background-position":"center center","background-size":"auto","background-attachment":"scroll","background-type":"","background-media":"","overlay-type":"","overlay-color":"","overlay-opacity":"","overlay-gradient":""},"tablet":{"background-color":"","background-image":"","background-repeat":"repeat","background-position":"center center","background-size":"auto","background-attachment":"scroll","background-type":"","background-media":"","overlay-type":"","overlay-color":"","overlay-opacity":"","overlay-gradient":""},"mobile":{"background-color":"","background-image":"","background-repeat":"repeat","background-position":"center center","background-size":"auto","background-attachment":"scroll","background-type":"","background-media":"","overlay-type":"","overlay-color":"","overlay-opacity":"","overlay-gradient":""}},"ast-content-background-meta":{"desktop":{"background-color":"var(--ast-global-color-4)","background-image":"","background-repeat":"repeat","background-position":"center center","background-size":"auto","background-attachment":"scroll","background-type":"","background-media":"","overlay-type":"","overlay-color":"","overlay-opacity":"","overlay-gradient":""},"tablet":{"background-color":"var(--ast-global-color-4)","background-image":"","background-repeat":"repeat","background-position":"center center","background-size":"auto","background-attachment":"scroll","background-type":"","background-media":"","overlay-type":"","overlay-color":"","overlay-opacity":"","overlay-gradient":""},"mobile":{"background-color":"var(--ast-global-color-4)","background-image":"","background-repeat":"repeat","background-position":"center center","background-size":"auto","background-attachment":"scroll","background-type":"","background-media":"","overlay-type":"","overlay-color":"","overlay-opacity":"","overlay-gradient":""}},"footnotes":""},"class_list":["post-12","page","type-page","status-publish","hentry"],"_links":{"self":[{"href":"https:\/\/www.paris-ancien.fr\/expos-universelles\/wp-json\/wp\/v2\/pages\/12","targetHints":{"allow":["GET"]}}],"collection":[{"href":"https:\/\/www.paris-ancien.fr\/expos-universelles\/wp-json\/wp\/v2\/pages"}],"about":[{"href":"https:\/\/www.paris-ancien.fr\/expos-universelles\/wp-json\/wp\/v2\/types\/page"}],"author":[{"embeddable":true,"href":"https:\/\/www.paris-ancien.fr\/expos-universelles\/wp-json\/wp\/v2\/users\/1"}],"replies":[{"embeddable":true,"href":"https:\/\/www.paris-ancien.fr\/expos-universelles\/wp-json\/wp\/v2\/comments?post=12"}],"version-history":[{"count":20,"href":"https:\/\/www.paris-ancien.fr\/expos-universelles\/wp-json\/wp\/v2\/pages\/12\/revisions"}],"predecessor-version":[{"id":1404,"href":"https:\/\/www.paris-ancien.fr\/expos-universelles\/wp-json\/wp\/v2\/pages\/12\/revisions\/1404"}],"wp:attachment":[{"href":"https:\/\/www.paris-ancien.fr\/expos-universelles\/wp-json\/wp\/v2\/media?parent=12"}],"curies":[{"name":"wp","href":"https:\/\/api.w.org\/{rel}","templated":true}]}}

<div data-elementor-type="wp-page" data-elementor-id="12" class="elementor elementor-12">
				<div class="elementor-element elementor-element-be5f896 e-flex e-con-boxed e-con e-parent" data-id="be5f896" data-element_type="container" data-e-type="container">
					<div class="e-con-inner">
				<div class="elementor-element elementor-element-a004363 elementor-widget elementor-widget-heading" data-id="a004363" data-element_type="widget" data-e-type="widget" data-widget_type="heading.default">
					<h2 class="elementor-heading-title elementor-size-default">Paris - 5e Arrondissement</h2>				</div>
					</div>
				</div>
		<div class="elementor-element elementor-element-79b90e6 e-flex e-con-boxed e-con e-parent" data-id="79b90e6" data-element_type="container" data-e-type="container">
					<div class="e-con-inner">
				<div class="elementor-element elementor-element-0f8806b elementor-widget elementor-widget-heading" data-id="0f8806b" data-element_type="widget" data-e-type="widget" data-widget_type="heading.default">
					<h4 class="elementor-heading-title elementor-size-default">Médaillon - Square Langevin (Expo de 1889)</h4>				</div>
					</div>
				</div>
		<div class="elementor-element elementor-element-215e704 e-flex e-con-boxed e-con e-parent" data-id="215e704" data-element_type="container" data-e-type="container">
					<div class="e-con-inner">
				<div class="elementor-element elementor-element-2d31ef3 elementor-widget elementor-widget-text-editor" data-id="2d31ef3" data-element_type="widget" data-e-type="widget" data-widget_type="text-editor.default">
									<p>Exposition de 1889. Un des médaillons qui ornaient la porte d’entrée du palais des Beaux Arts. D’autres médaillons sont à proximité de celui ci.</p>								</div>
					</div>
				</div>
		<div class="elementor-element elementor-element-ab60025 e-flex e-con-boxed e-con e-parent" data-id="ab60025" data-element_type="container" data-e-type="container">
					<div class="e-con-inner">
		<div class="elementor-element elementor-element-868b670 e-con-full e-flex e-con e-child" data-id="868b670" data-element_type="container" data-e-type="container">
				<div class="elementor-element elementor-element-58319ee elementor-widget elementor-widget-google_maps" data-id="58319ee" data-element_type="widget" data-e-type="widget" data-widget_type="google_maps.default">
							<div class="elementor-custom-embed">
			<iframe loading="lazy"
					src="https://maps.google.com/maps?q=square%20langevin&#038;t=m&#038;z=16&#038;output=embed&#038;iwloc=near"
					title="square langevin"
					aria-label="square langevin"
			></iframe>
		</div>
						</div>
				</div>
		<div class="elementor-element elementor-element-2f0f93e e-con-full e-flex e-con e-child" data-id="2f0f93e" data-element_type="container" data-e-type="container">
				<div class="elementor-element elementor-element-93b9cbc elementor-widget elementor-widget-image" data-id="93b9cbc" data-element_type="widget" data-e-type="widget" data-widget_type="image.default">
																<a href="https://www.paris-ancien.fr/expos-universelles/wp-content/uploads/2025/12/medaillon-ingres-langevin.jpg" data-elementor-open-lightbox="yes" data-elementor-lightbox-title="medaillon-ingres-langevin" data-e-action-hash="#elementor-action%3Aaction%3Dlightbox%26settings%3DeyJpZCI6MTIxLCJ1cmwiOiJodHRwczpcL1wvd3d3LnBhcmlzLWFuY2llbi5mclwvZXhwb3MtdW5pdmVyc2VsbGVzXC93cC1jb250ZW50XC91cGxvYWRzXC8yMDI1XC8xMlwvbWVkYWlsbG9uLWluZ3Jlcy1sYW5nZXZpbi5qcGcifQ%3D%3D">
							<img alt="" fetchpriority="high" decoding="async" width="768" height="576" src="https://www.paris-ancien.fr/expos-universelles/wp-content/uploads/2025/12/medaillon-ingres-langevin-768x576.jpg" class="attachment-medium_large size-medium_large wp-image-121" alt="" srcset="https://www.paris-ancien.fr/expos-universelles/wp-content/uploads/2025/12/medaillon-ingres-langevin-768x576.jpg 768w, https://www.paris-ancien.fr/expos-universelles/wp-content/uploads/2025/12/medaillon-ingres-langevin-300x225.jpg 300w, https://www.paris-ancien.fr/expos-universelles/wp-content/uploads/2025/12/medaillon-ingres-langevin-1024x768.jpg 1024w, https://www.paris-ancien.fr/expos-universelles/wp-content/uploads/2025/12/medaillon-ingres-langevin-1536x1152.jpg 1536w, https://www.paris-ancien.fr/expos-universelles/wp-content/uploads/2025/12/medaillon-ingres-langevin.jpg 1600w" sizes="(max-width: 768px) 100vw, 768px" />								</a>
															</div>
				</div>
					</div>
				</div>
		<div class="elementor-element elementor-element-9f332af e-flex e-con-boxed e-con e-parent" data-id="9f332af" data-element_type="container" data-e-type="container">
					<div class="e-con-inner">
				<div class="elementor-element elementor-element-af1ff31 elementor-widget elementor-widget-spacer" data-id="af1ff31" data-element_type="widget" data-e-type="widget" data-widget_type="spacer.default">
							<div class="elementor-spacer">
			<div class="elementor-spacer-inner"></div>
		</div>
						</div>
					</div>
				</div>
				</div>

<p>Paris &#8211; 5e Arrondissement Médaillon &#8211; Square Langevin (Expo de 1889) Exposition de 1889. Un des médaillons qui ornaient la [&hellip;]</p>
