{"id":10,"date":"2025-12-18T14:58:44","date_gmt":"2025-12-18T13:58:44","guid":{"rendered":"https:\/\/paris-ancien.fr\/expos-universelles\/?page_id=10"},"modified":"2025-12-21T21:15:46","modified_gmt":"2025-12-21T20:15:46","slug":"paris-4e-arrondissement","status":"publish","type":"page","link":"https:\/\/www.paris-ancien.fr\/expos-universelles\/paris-4e-arrondissement\/","title":{"rendered":"Paris &#8211; 4e Arrondissement"},"content":{"rendered":"\t\t<div data-elementor-type=\"wp-page\" data-elementor-id=\"10\" class=\"elementor elementor-10\">\n\t\t\t\t<div class=\"elementor-element elementor-element-f122411 e-flex e-con-boxed e-con e-parent\" data-id=\"f122411\" data-element_type=\"container\" data-e-type=\"container\">\n\t\t\t\t\t<div class=\"e-con-inner\">\n\t\t\t\t<div class=\"elementor-element elementor-element-7c7aa0d elementor-widget elementor-widget-heading\" data-id=\"7c7aa0d\" data-element_type=\"widget\" data-e-type=\"widget\" data-widget_type=\"heading.default\">\n\t\t\t\t\t<h2 class=\"elementor-heading-title elementor-size-default\">Paris - 4e Arrondissement<\/h2>\t\t\t\t<\/div>\n\t\t\t\t\t<\/div>\n\t\t\t\t<\/div>\n\t\t<div class=\"elementor-element elementor-element-4754aa3 e-flex e-con-boxed e-con e-parent\" data-id=\"4754aa3\" data-element_type=\"container\" data-e-type=\"container\">\n\t\t\t\t\t<div class=\"e-con-inner\">\n\t\t\t\t<div class=\"elementor-element elementor-element-e21f642 elementor-widget elementor-widget-heading\" data-id=\"e21f642\" data-element_type=\"widget\" data-e-type=\"widget\" data-widget_type=\"heading.default\">\n\t\t\t\t\t<h4 class=\"elementor-heading-title elementor-size-default\">Statue de Charlemagne (Expo de 1858)<\/h4>\t\t\t\t<\/div>\n\t\t\t\t\t<\/div>\n\t\t\t\t<\/div>\n\t\t<div class=\"elementor-element elementor-element-06e0f8f e-flex e-con-boxed e-con e-parent\" data-id=\"06e0f8f\" data-element_type=\"container\" data-e-type=\"container\">\n\t\t\t\t\t<div class=\"e-con-inner\">\n\t\t\t\t<div class=\"elementor-element elementor-element-e1badd0 elementor-widget elementor-widget-text-editor\" data-id=\"e1badd0\" data-element_type=\"widget\" data-e-type=\"widget\" data-widget_type=\"text-editor.default\">\n\t\t\t\t\t\t\t\t\t<p>Statue dessin\u00e9e par Camille Formig\u00e9, elle f\u00fbt plac\u00e9e dans le Palais du champ de Mars. Il s\u2019agit d\u2019une des seules statues en bronze qui n\u2019a pas \u00e9t\u00e9 d\u00e9truite par les nazis. Situ\u00e9e devant Notre Dame.<\/p>\t\t\t\t\t\t\t\t<\/div>\n\t\t\t\t\t<\/div>\n\t\t\t\t<\/div>\n\t\t<div class=\"elementor-element elementor-element-0b6130d e-flex e-con-boxed e-con e-parent\" data-id=\"0b6130d\" data-element_type=\"container\" data-e-type=\"container\">\n\t\t\t\t\t<div class=\"e-con-inner\">\n\t\t<div class=\"elementor-element elementor-element-0fb935c e-con-full e-flex e-con e-child\" data-id=\"0fb935c\" data-element_type=\"container\" data-e-type=\"container\">\n\t\t\t\t<div class=\"elementor-element elementor-element-22fdd3e elementor-widget elementor-widget-google_maps\" data-id=\"22fdd3e\" data-element_type=\"widget\" data-e-type=\"widget\" data-widget_type=\"google_maps.default\">\n\t\t\t\t\t\t\t<div class=\"elementor-custom-embed\">\n\t\t\t<iframe loading=\"lazy\"\n\t\t\t\t\tsrc=\"https:\/\/maps.google.com\/maps?q=statue%20de%20charlemagne%20paris%20&#038;t=m&#038;z=16&#038;output=embed&#038;iwloc=near\"\n\t\t\t\t\ttitle=\"statue de charlemagne paris \"\n\t\t\t\t\taria-label=\"statue de charlemagne paris \"\n\t\t\t><\/iframe>\n\t\t<\/div>\n\t\t\t\t\t\t<\/div>\n\t\t\t\t<\/div>\n\t\t<div class=\"elementor-element elementor-element-672c6ac e-con-full e-flex e-con e-child\" data-id=\"672c6ac\" data-element_type=\"container\" data-e-type=\"container\">\n\t\t\t\t<div class=\"elementor-element elementor-element-1b77199 elementor-widget elementor-widget-image\" data-id=\"1b77199\" data-element_type=\"widget\" data-e-type=\"widget\" data-widget_type=\"image.default\">\n\t\t\t\t\t\t\t\t\t\t\t\t\t\t\t\t<a href=\"https:\/\/www.paris-ancien.fr\/expos-universelles\/wp-content\/uploads\/2025\/12\/statue-charlemagne.jpg\" data-elementor-open-lightbox=\"yes\" data-elementor-lightbox-title=\"statue-charlemagne\" data-e-action-hash=\"#elementor-action%3Aaction%3Dlightbox%26settings%3DeyJpZCI6OTgsInVybCI6Imh0dHBzOlwvXC93d3cucGFyaXMtYW5jaWVuLmZyXC9leHBvcy11bml2ZXJzZWxsZXNcL3dwLWNvbnRlbnRcL3VwbG9hZHNcLzIwMjVcLzEyXC9zdGF0dWUtY2hhcmxlbWFnbmUuanBnIn0%3D\">\n\t\t\t\t\t\t\t<img alt=\"\" fetchpriority=\"high\" decoding=\"async\" width=\"768\" height=\"576\" src=\"https:\/\/www.paris-ancien.fr\/expos-universelles\/wp-content\/uploads\/2025\/12\/statue-charlemagne-768x576.jpg\" class=\"attachment-medium_large size-medium_large wp-image-98\" alt=\"\" srcset=\"https:\/\/www.paris-ancien.fr\/expos-universelles\/wp-content\/uploads\/2025\/12\/statue-charlemagne-768x576.jpg 768w, https:\/\/www.paris-ancien.fr\/expos-universelles\/wp-content\/uploads\/2025\/12\/statue-charlemagne-300x225.jpg 300w, https:\/\/www.paris-ancien.fr\/expos-universelles\/wp-content\/uploads\/2025\/12\/statue-charlemagne-1024x768.jpg 1024w, https:\/\/www.paris-ancien.fr\/expos-universelles\/wp-content\/uploads\/2025\/12\/statue-charlemagne-1536x1152.jpg 1536w, https:\/\/www.paris-ancien.fr\/expos-universelles\/wp-content\/uploads\/2025\/12\/statue-charlemagne.jpg 1600w\" sizes=\"(max-width: 768px) 100vw, 768px\" \/>\t\t\t\t\t\t\t\t<\/a>\n\t\t\t\t\t\t\t\t\t\t\t\t\t\t\t<\/div>\n\t\t\t\t<\/div>\n\t\t\t\t\t<\/div>\n\t\t\t\t<\/div>\n\t\t<div class=\"elementor-element elementor-element-511e417 e-flex e-con-boxed e-con e-parent\" data-id=\"511e417\" data-element_type=\"container\" data-e-type=\"container\">\n\t\t\t\t\t<div class=\"e-con-inner\">\n\t\t\t\t<div class=\"elementor-element elementor-element-d93fa2e elementor-widget elementor-widget-spacer\" data-id=\"d93fa2e\" data-element_type=\"widget\" data-e-type=\"widget\" data-widget_type=\"spacer.default\">\n\t\t\t\t\t\t\t<div class=\"elementor-spacer\">\n\t\t\t<div class=\"elementor-spacer-inner\"><\/div>\n\t\t<\/div>\n\t\t\t\t\t\t<\/div>\n\t\t\t\t\t<\/div>\n\t\t\t\t<\/div>\n\t\t\t\t<\/div>\n\t\t","protected":false},"excerpt":{"rendered":"<p>Paris &#8211; 4e Arrondissement Statue de Charlemagne (Expo de 1858) Statue dessin\u00e9e par Camille Formig\u00e9, elle f\u00fbt plac\u00e9e dans le [&hellip;]<\/p>\n","protected":false},"author":1,"featured_media":0,"parent":0,"menu_order":0,"comment_status":"closed","ping_status":"closed","template":"","meta":{"_seopress_robots_primary_cat":"","_seopress_titles_title":"","_seopress_titles_desc":"Expositions Universelles de Paris - Vestiges des expos de 1855 1867 1889 1900 1907 1931 et 1937. Palais, Frontons, chalets, statues et ornements - Paris 4e","_seopress_robots_index":"","site-sidebar-layout":"no-sidebar","site-content-layout":"","ast-site-content-layout":"full-width-container","site-content-style":"default","site-sidebar-style":"default","ast-global-header-display":"","ast-banner-title-visibility":"","ast-main-header-display":"","ast-hfb-above-header-display":"","ast-hfb-below-header-display":"","ast-hfb-mobile-header-display":"","site-post-title":"disabled","ast-breadcrumbs-content":"","ast-featured-img":"disabled","footer-sml-layout":"","ast-disable-related-posts":"","theme-transparent-header-meta":"","adv-header-id-meta":"","stick-header-meta":"","header-above-stick-meta":"","header-main-stick-meta":"","header-below-stick-meta":"","astra-migrate-meta-layouts":"default","ast-page-background-enabled":"default","ast-page-background-meta":{"desktop":{"background-color":"var(--ast-global-color-5)","background-image":"","background-repeat":"repeat","background-position":"center center","background-size":"auto","background-attachment":"scroll","background-type":"","background-media":"","overlay-type":"","overlay-color":"","overlay-opacity":"","overlay-gradient":""},"tablet":{"background-color":"","background-image":"","background-repeat":"repeat","background-position":"center center","background-size":"auto","background-attachment":"scroll","background-type":"","background-media":"","overlay-type":"","overlay-color":"","overlay-opacity":"","overlay-gradient":""},"mobile":{"background-color":"","background-image":"","background-repeat":"repeat","background-position":"center center","background-size":"auto","background-attachment":"scroll","background-type":"","background-media":"","overlay-type":"","overlay-color":"","overlay-opacity":"","overlay-gradient":""}},"ast-content-background-meta":{"desktop":{"background-color":"var(--ast-global-color-4)","background-image":"","background-repeat":"repeat","background-position":"center center","background-size":"auto","background-attachment":"scroll","background-type":"","background-media":"","overlay-type":"","overlay-color":"","overlay-opacity":"","overlay-gradient":""},"tablet":{"background-color":"var(--ast-global-color-4)","background-image":"","background-repeat":"repeat","background-position":"center center","background-size":"auto","background-attachment":"scroll","background-type":"","background-media":"","overlay-type":"","overlay-color":"","overlay-opacity":"","overlay-gradient":""},"mobile":{"background-color":"var(--ast-global-color-4)","background-image":"","background-repeat":"repeat","background-position":"center center","background-size":"auto","background-attachment":"scroll","background-type":"","background-media":"","overlay-type":"","overlay-color":"","overlay-opacity":"","overlay-gradient":""}},"footnotes":""},"class_list":["post-10","page","type-page","status-publish","hentry"],"_links":{"self":[{"href":"https:\/\/www.paris-ancien.fr\/expos-universelles\/wp-json\/wp\/v2\/pages\/10","targetHints":{"allow":["GET"]}}],"collection":[{"href":"https:\/\/www.paris-ancien.fr\/expos-universelles\/wp-json\/wp\/v2\/pages"}],"about":[{"href":"https:\/\/www.paris-ancien.fr\/expos-universelles\/wp-json\/wp\/v2\/types\/page"}],"author":[{"embeddable":true,"href":"https:\/\/www.paris-ancien.fr\/expos-universelles\/wp-json\/wp\/v2\/users\/1"}],"replies":[{"embeddable":true,"href":"https:\/\/www.paris-ancien.fr\/expos-universelles\/wp-json\/wp\/v2\/comments?post=10"}],"version-history":[{"count":32,"href":"https:\/\/www.paris-ancien.fr\/expos-universelles\/wp-json\/wp\/v2\/pages\/10\/revisions"}],"predecessor-version":[{"id":1400,"href":"https:\/\/www.paris-ancien.fr\/expos-universelles\/wp-json\/wp\/v2\/pages\/10\/revisions\/1400"}],"wp:attachment":[{"href":"https:\/\/www.paris-ancien.fr\/expos-universelles\/wp-json\/wp\/v2\/media?parent=10"}],"curies":[{"name":"wp","href":"https:\/\/api.w.org\/{rel}","templated":true}]}}

<div data-elementor-type="wp-page" data-elementor-id="10" class="elementor elementor-10">
				<div class="elementor-element elementor-element-f122411 e-flex e-con-boxed e-con e-parent" data-id="f122411" data-element_type="container" data-e-type="container">
					<div class="e-con-inner">
				<div class="elementor-element elementor-element-7c7aa0d elementor-widget elementor-widget-heading" data-id="7c7aa0d" data-element_type="widget" data-e-type="widget" data-widget_type="heading.default">
					<h2 class="elementor-heading-title elementor-size-default">Paris - 4e Arrondissement</h2>				</div>
					</div>
				</div>
		<div class="elementor-element elementor-element-4754aa3 e-flex e-con-boxed e-con e-parent" data-id="4754aa3" data-element_type="container" data-e-type="container">
					<div class="e-con-inner">
				<div class="elementor-element elementor-element-e21f642 elementor-widget elementor-widget-heading" data-id="e21f642" data-element_type="widget" data-e-type="widget" data-widget_type="heading.default">
					<h4 class="elementor-heading-title elementor-size-default">Statue de Charlemagne (Expo de 1858)</h4>				</div>
					</div>
				</div>
		<div class="elementor-element elementor-element-06e0f8f e-flex e-con-boxed e-con e-parent" data-id="06e0f8f" data-element_type="container" data-e-type="container">
					<div class="e-con-inner">
				<div class="elementor-element elementor-element-e1badd0 elementor-widget elementor-widget-text-editor" data-id="e1badd0" data-element_type="widget" data-e-type="widget" data-widget_type="text-editor.default">
									<p>Statue dessinée par Camille Formigé, elle fût placée dans le Palais du champ de Mars. Il s’agit d’une des seules statues en bronze qui n’a pas été détruite par les nazis. Située devant Notre Dame.</p>								</div>
					</div>
				</div>
		<div class="elementor-element elementor-element-0b6130d e-flex e-con-boxed e-con e-parent" data-id="0b6130d" data-element_type="container" data-e-type="container">
					<div class="e-con-inner">
		<div class="elementor-element elementor-element-0fb935c e-con-full e-flex e-con e-child" data-id="0fb935c" data-element_type="container" data-e-type="container">
				<div class="elementor-element elementor-element-22fdd3e elementor-widget elementor-widget-google_maps" data-id="22fdd3e" data-element_type="widget" data-e-type="widget" data-widget_type="google_maps.default">
							<div class="elementor-custom-embed">
			<iframe loading="lazy"
					src="https://maps.google.com/maps?q=statue%20de%20charlemagne%20paris%20&#038;t=m&#038;z=16&#038;output=embed&#038;iwloc=near"
					title="statue de charlemagne paris "
					aria-label="statue de charlemagne paris "
			></iframe>
		</div>
						</div>
				</div>
		<div class="elementor-element elementor-element-672c6ac e-con-full e-flex e-con e-child" data-id="672c6ac" data-element_type="container" data-e-type="container">
				<div class="elementor-element elementor-element-1b77199 elementor-widget elementor-widget-image" data-id="1b77199" data-element_type="widget" data-e-type="widget" data-widget_type="image.default">
																<a href="https://www.paris-ancien.fr/expos-universelles/wp-content/uploads/2025/12/statue-charlemagne.jpg" data-elementor-open-lightbox="yes" data-elementor-lightbox-title="statue-charlemagne" data-e-action-hash="#elementor-action%3Aaction%3Dlightbox%26settings%3DeyJpZCI6OTgsInVybCI6Imh0dHBzOlwvXC93d3cucGFyaXMtYW5jaWVuLmZyXC9leHBvcy11bml2ZXJzZWxsZXNcL3dwLWNvbnRlbnRcL3VwbG9hZHNcLzIwMjVcLzEyXC9zdGF0dWUtY2hhcmxlbWFnbmUuanBnIn0%3D">
							<img alt="" fetchpriority="high" decoding="async" width="768" height="576" src="https://www.paris-ancien.fr/expos-universelles/wp-content/uploads/2025/12/statue-charlemagne-768x576.jpg" class="attachment-medium_large size-medium_large wp-image-98" alt="" srcset="https://www.paris-ancien.fr/expos-universelles/wp-content/uploads/2025/12/statue-charlemagne-768x576.jpg 768w, https://www.paris-ancien.fr/expos-universelles/wp-content/uploads/2025/12/statue-charlemagne-300x225.jpg 300w, https://www.paris-ancien.fr/expos-universelles/wp-content/uploads/2025/12/statue-charlemagne-1024x768.jpg 1024w, https://www.paris-ancien.fr/expos-universelles/wp-content/uploads/2025/12/statue-charlemagne-1536x1152.jpg 1536w, https://www.paris-ancien.fr/expos-universelles/wp-content/uploads/2025/12/statue-charlemagne.jpg 1600w" sizes="(max-width: 768px) 100vw, 768px" />								</a>
															</div>
				</div>
					</div>
				</div>
		<div class="elementor-element elementor-element-511e417 e-flex e-con-boxed e-con e-parent" data-id="511e417" data-element_type="container" data-e-type="container">
					<div class="e-con-inner">
				<div class="elementor-element elementor-element-d93fa2e elementor-widget elementor-widget-spacer" data-id="d93fa2e" data-element_type="widget" data-e-type="widget" data-widget_type="spacer.default">
							<div class="elementor-spacer">
			<div class="elementor-spacer-inner"></div>
		</div>
						</div>
					</div>
				</div>
				</div>

<p>Paris &#8211; 4e Arrondissement Statue de Charlemagne (Expo de 1858) Statue dessinée par Camille Formigé, elle fût placée dans le [&hellip;]</p>
